01 prime?
True
Is 672913 a prime number?
True
Is 39311 prime?
False
Is 67597681 a prime number?
True
Is 471663653 a composite number?
False
Is 14341417 a prime number?
False
Is 3315635 a prime number?
False
Is 763439197 a composite number?
True
Is 3671443 composite?
True
Is 39429589 prime?
False
Is 157259917 a prime number?
True
Is 867143 composite?
False
Is 58054355 a composite number?
True
Is 15856327 a composite number?
True
Is 70325279 a prime number?
True
Is 483935 composite?
True
Is 14093243 composite?
False
Is 5566777 a composite number?
False
Is 3913909 a composite number?
True
Is 78632257 composite?
True
Is 37342 composite?
True
Is 2799563 composite?
True
Is 53936693 composite?
False
Is 64705541 a composite number?
True
Is 611189 prime?
True
Is 861071 a prime number?
False
Is 2404139 a prime number?
True
Is 60974509 a composite number?
False
Is 370913423 a composite number?
True
Is 45019543 a prime number?
False
Is 27269663 prime?
True
Is 28598491 prime?
True
Is 8175821 composite?
False
Is 196107181 a composite number?
False
Is 2469737 prime?
False
Is 137843159 a prime number?
True
Is 11629063 composite?
True
Is 211517759 composite?
False
Is 3358569 prime?
False
Is 16348219 prime?
True
Is 22204333 a composite number?
True
Is 33140803 a composite number?
True
Is 1654577 composite?
True
Is 18164453 a composite number?
False
Is 140755 a composite number?
True
Is 20145997 prime?
True
Is 7779041 a prime number?
True
Is 60689193 a prime number?
False
Is 18755111 a composite number?
False
Is 6472309 a prime number?
True
Is 83576501 composite?
False
Is 258016163 composite?
False
Is 297329 prime?
False
Is 1814411 composite?
True
Is 14667 composite?
True
Is 141141071 a composite number?
False
Is 116525473 composite?
False
Is 514327 a prime number?
False
Is 206682439 a prime number?
False
Is 3131493 composite?
True
Is 41269477 a composite number?
False
Is 3332983 a prime number?
True
Is 149339507 a prime number?
False
Is 14389495 prime?
False
Is 765129023 composite?
False
Is 1592453 composite?
True
Is 26469161 composite?
False
Is 4987109 composite?
False
Is 77237287 a composite number?
False
Is 7863361 composite?
True
Is 2655973 a prime number?
True
Is 416100617 prime?
True
Is 16881946 a prime number?
False
Is 34282103 prime?
False
Is 6347413 prime?
False
Is 2431043 prime?
False
Is 367987 a composite number?
True
Is 110306607 composite?
True
Is 7372109 composite?
True
Is 2739461 a composite number?
True
Is 23633113 a prime number?
False
Is 147076247 a prime number?
True
Is 6941257 prime?
True
Is 1294339 prime?
True
Is 3419191 composite?
False
Is 227160767 a composite number?
True
Is 2999483 prime?
True
Is 4427447 prime?
False
Is 833617 composite?
False
Is 5319161 prime?
True
Is 4041014 composite?
True
Is 18484957 composite?
True
Is 143865743 composite?
True
Is 485587 a composite number?
False
Is 5399443 prime?
False
Is 336807361 a prime number?
False
Is 15597121 a prime number?
True
Is 35008429 a composite number?
False
Is 8188163 a composite number?
False
Is 782569 a composite number?
True
Is 598847161 prime?
False
Is 2995618 a prime number?
False
Is 1163821 a composite number?
False
Is 77081633 a composite number?
False
Is 27875209 prime?
True
Is 97960559 composite?
False
Is 48431567 a composite number?
True
Is 17570191 prime?
True
Is 698773 composite?
False
Is 1105733653 a composite number?
False
Is 104721313 a composite number?
True
Is 662819 a composite number?
False
Is 61080781 prime?
True
Is 86077153 a composite number?
True
Is 64789243 composite?
True
Is 56928747 composite?
True
Is 7894907 a composite number?
False
Is 222051 prime?
False
Is 51794753 a prime number?
False
Is 13254221 prime?
True
Is 1099801 prime?
False
Is 2012897 a prime number?
False
Is 62955283 composite?
False
Is 10268033 a composite number?
True
Is 22051433 composite?
False
Is 269806871 composite?
False
Is 106957 composite?
False
Is 8725307 composite?
False
Is 98505857 a prime number?
False
Is 7451777 composite?
False
Is 675341 composite?
False
Is 21998261 a composite number?
True
Is 11618501 a prime number?
False
Is 109769531 a composite number?
False
Is 57473789 prime?
True
Is 276410795 composite?
True
Is 8726429 a composite number?
True
Is 9215699 prime?
True
Is 302147917 a prime number?
False
Is 6643777 prime?
False
Is 20226247 a composite number?
False
Is 3664103 prime?
True
Is 30542311 composite?
False
Is 7964273 composite?
False
Is 24980821 prime?
False
Is 94933901 a prime number?
False
Is 5008429 composite?
False
Is 4922891 prime?
True
Is 17803757 composite?
False
Is 53015273 a composite number?
False
Is 142238761 prime?
False
Is 154453773 a prime number?
False
Is 7294985 a prime number?
False
Is 1962193 a composite number?
False
Is 26568343 composite?
True
Is 30198317 a composite number?
False
Is 73575823 a prime number?
True
Is 11474849 a composite number?
False
Is 443434267 composite?
False
Is 4214377 a composite number?
False
Is 175416811 composite?
False
Is 4186747 composite?
False
Is 2763053 a composite number?
False
Is 4271287 composite?
True
Is 3148543 composite?
False
Is 8555707 composite?
True
Is 59348101 a composite number?
True
Is 3269303 a composite number?
False
Is 21891557 composite?
False
Is 227478311 prime?
True
Is 3775209 composite?
True
Is 4088809 a composite number?
True
Is 40750707 prime?
False
Is 45354346 composite?
True
Is 981569 a prime number?
True
Is 3914377 a composite number?
False
Is 294437629 a prime number?
False
Is 26753711 composite?
True
Is 431567911 composite?
False
Is 142175291 prime?
False
Is 17201557 prime?
True
Is 41779943 a composite number?
True
Is 8040737 a prime number?
False
Is 10314683 a composite number?
False
Is 151601561 a prime number?
True
Is 284230879 composite?
False
Is 42117193 composite?
True
Is 14843759 prime?
False
Is 678662 a prime number?
False
Is 3847799 a composite number?
False
Is 6187537 a composite number?
False
Is 10684097 composite?
False
Is 3149123 a composite number?
False
Is 20672167 a prime number?
False
Is 2778677 a prime number?
False
Is 42441493 composite?
False
Is 9386717 a composite number?
True
Is 6159997 a composite number?
False
Is 301896017 a prime number?
True
Is 138995707 a composite number?
False
Is 283166461 a prime number?
True
Is 34044077 a prime number?
False
Is 612637 a composite number?
False
Is 88239659 composite?
True
Is 50875687 a composite number?
True
Is 9743077 a prime number?
True
Is 23328821 prime?
True
Is 13135727 composite?
True
Is 714449 a prime number?
False
Is 4402743 prime?
False
Is 4720553 a prime number?
True
Is 16213237 a prime number?
False
Is 670963 a composite number?
False
Is 675850831 a composite number?
False
Is 976412383 a prime number?
True
Is 26235271 a composite number?
False
Is 8151587 a composite number?
True
Is 1423001 a prime number?
False
Is 21817255 prime?
False
Is 43110593 a composite number?
False
Is 54677453 a composite number?
True
Is 2727559 composite?
False
Is 3756019 prime?
True
Is 2225631 a composite number?
True
Is 219647 a composite number?
False
Is 84472363 prime?
True
Is 7150781 a composite number?
True
Is 11924291 a prime number?
True
Is 525120965 prime?
False
Is 12420619 prime?
True
Is 14661841 prime?
False
Is 33668489 a prime number?
True
Is 6233837 a prime number?
False
Is 93167899 prime?
False
Is 207998467 a prime number?
False
Is 2822887 a composite number?
True
Is 1740637 a prime number?
False
Is 140621539 a prime number?
True
Is 33285607 a prime number?
False
Is 19282873 a prime number?
False
Is 193481507 a prime number?
False
Is 11516767 composite?
True
Is 6766469 a composite number?
False
Is 7243697 a composite number?
False
Is 4333535 a composite number?
True
Is 5101793 a prime number?
False
Is 117940919 composite?
False
Is 10298713 composite?
True
Is 19833851 a prime number?
False
Is 570569 a composite number?
False
Is 978473 composite?
False
Is 9337577 a composite number?
False
Is 402599 prime?
False
Is 28558039 composite?
True
Is 470183201 a prime number?
True
Is 28033781 a composite number?
False
Is 412427251 a composite number?
True
Is 6255649 prime?
True
Is 1461283 prime?
True
Is 4818677 a prime number?
True
Is 3662417 composite?
True
Is 229797299 prime?
True
Is 94200355 a composite number?
True
Is 1420534769